vided by 3?
2
Calculate the remainder when 16640 is divided by 60.
20
Calculate the remainder when 54878 is divided by 224.
222
What is the remainder when 8834 is divided by 30?
14
What is the remainder when 75173 is divided by 561?
560
Calculate the remainder when 5914 is divided by 35.
34
Calculate the remainder when 181443 is divided by 30240.
3
What is the remainder when 16910 is divided by 54?
8
What is the remainder when 22803 is divided by 430?
13
What is the remainder when 14237 is divided by 1476?
953
Calculate the remainder when 20883 is divided by 4176.
3
Calculate the remainder when 10282 is divided by 793.
766
What is the remainder when 498 is divided by 39?
30
Calculate the remainder when 153988 is divided by 145.
143
What is the remainder when 16383 is divided by 94?
27
What is the remainder when 3473 is divided by 6?
5
Calculate the remainder when 7523 is divided by 18.
17
Calculate the remainder when 43361 is divided by 15.
11
Calculate the remainder when 727 is divided by 452.
275
What is the remainder when 6174 is divided by 123?
24
What is the remainder when 4241 is divided by 13?
3
Calculate the remainder when 21155 is divided by 38.
27
What is the remainder when 17231 is divided by 37?
26
Calculate the remainder when 72332 is divided by 411.
407
Calculate the remainder when 111966 is divided by 516.
510
Calculate the remainder when 138235 is divided by 46073.
16
What is the remainder when 55492 is divided by 14?
10
What is the remainder when 3676 is divided by 658?
386
Calculate the remainder when 1983 is divided by 1978.
5
What is the remainder when 2165979 is divided by 1198?
1193
What is the remainder when 1092 is divided by 379?
334
Calculate the remainder when 10596 is divided by 326.
164
What is the remainder when 369375 is divided by 476?
475
What is the remainder when 9173 is divided by 2292?
5
Calculate the remainder when 176750 is divided by 331.
327
Calculate the remainder when 2950 is divided by 19.
5
Calculate the remainder when 10099 is divided by 3321.
136
What is the remainder when 292828 is divided by 107?
76
Calculate the remainder when 311322 is divided by 45.
12
What is the remainder when 8329 is divided by 698?
651
What is the remainder when 346844 is divided by 578?
44
What is the remainder when 185332 is divided by 426?
22
Calculate the remainder when 21488 is divided by 87.
86
Calculate the remainder when 12444 is divided by 158.
120
Calculate the remainder when 152551 is divided by 919.
916
What is the remainder when 350894 is divided by 46?
6
What is the remainder when 66817 is divided by 1909?
2
What is the remainder when 20327 is divided by 707?
531
What is the remainder when 16717 is divided by 16706?
11
Calculate the remainder when 44244 is divided by 262.
228
What is the remainder when 8630 is divided by 89?
86
Calculate the remainder when 43783 is divided by 25.
8
Calculate the remainder when 89396 is divided by 139.
19
What is the remainder when 33901 is divided by 11292?
25
Calculate the remainder when 602 is divided by 379.
223
What is the remainder when 930290 is divided by 867?
866
What is the remainder when 23527 is divided by 4568?
687
Calculate the remainder when 1059 is divided by 107.
96
What is the remainder when 18506 is divided by 201?
14
Calculate the remainder when 92616 is divided by 1362.
0
What is the remainder when 422183 is divided by 38?
3
What is the remainder when 5591 is divided by 173?
55
Calculate the remainder when 34558 is divided by 281.
276
Calculate the remainder when 5049 is divided by 341.
275
What is the remainder when 1048551 is divided by 349517?
0
Calculate the remainder when 3488 is divided by 867.
20
What is the remainder when 292750 is divided by 574?
10
What is the remainder when 3544 is divided by 107?
13
What is the remainder when 219632 is divided by 43924?
12
Calculate the remainder when 373 is divided by 69.
28
What is the remainder when 7562 is divided by 777?
569
Calculate the remainder when 10097 is divided by 160.
17
Calculate the remainder when 4433 is divided by 1086.
89
What is the remainder when 12631 is divided by 6108?
415
What is the remainder when 4014 is divided by 313?
258
What is the remainder when 199172 is divided by 172?
168
Calculate the remainder when 5284 is divided by 1757.
13
Calculate the remainder when 66644 is divided by 430.
424
What is the remainder when 4625 is divided by 594?
467
What is the remainder when 5281 is divided by 42?
31
Calculate the remainder when 5799 is divided by 119.
87
Calculate the remainder when 13810 is divided by 12.
10
Calculate the remainder when 32012 is divided by 10660.
32
What is the remainder when 4787 is divided by 716?
491
Calculate the remainder when 22210 is divided by 887.
35
Calculate the remainder when 8348 is divided by 2781.
5
What is the remainder when 272 is divided by 267?
5
Calculate the remainder when 1182 is divided by 960.
222
Calculate the remainder when 1574 is divided by 419.
317
Calculate the remainder when 19010 is divided by 479.
329
Calculate the remainder when 9357 is divided by 21.
12
What is the remainder when 1569827 is divided by 31?
18
What is the remainder when 899 is divided by 11?
8
What is the remainder when 2671 is divided by 485?
246
What is the remainder when 117473 is divided by 19?
15
What is the remainder when 1774 is divided by 356?
350
Calculate the remainder when 1616 is divided by 601.
414
Calculate the remainder when 2640 is divided by 271.
201
Calculate the remainder when 18951 is divided by 997.
8
What is the remainder when 60122 is divided by 5464?
18
What is the remainder when 3708659 is divided by 233?
231
Calculate the remainder when 51 is divided by 29.
22
Calculate the remainder when 1411 is divided by 136.
51
What is the remainder when 841 is divided by 839?
2
Calculate the remainder when 27849 is divided by 140.
129
What is the remainder when 5478 is divided by 5240?
238
What is the remainder when 844830 is divided by 1151?
1147
Calculate the remainder when 2909 is divided by 70.
39
Calculate the remainder when 30948 is divided by 60.
48
Calculate the remainder when 110949 is divided by 12.
9
Calculate the remainder when 3198 is divided by 1999.
1199
What is the remainder when 647313 is divided by 6?
3
What is the remainder when 12191 is divided by 717?
2
What is the remainder when 245956 is divided by 19?
1
Calculate the remainder when 221025 is divided by 155.
150
What is the remainder when 38701 is divided by 162?
145
Calculate the remainder when 2008002 is divided by 167.
161
Calculate the remainder when 340093 is divided by 663.
637
Calculate the remainder when 17612 is divided by 4401.
8
What is the remainder when 9825 is divided by 42?
39
Calculate the remainder when 6549 is divided by 131.
130
What is the remainder when 33886 is divided by 40?
6
What is the remainder when 57516 is divided by 2500?
16
Calculate the remainder when 9040 is divided by 9003.
37
What is the remainder when 157998 is divided by 543?
528
Calculate the remainder when 581151 is divided by 143.
142
Calculate the remainder when 4277 is divided by 539.
504
What is the remainder when 947 is divided by 470?
7
Calculate the remainder when 1273857 is divided by 21.
18
Calculate the remainder when 93146 is divided by 46515.
116
What is the remainder when 34718 is divided by 157?
21
Calculate the remainder when 392 is divided by 285.
107
What is the remainder when 695 is divided by 105?
65
What is the remainder when 3363 is divided by 13?
9
What is the remainder when 74162 is divided by 5?
2
Calculate the remainder when 30257 is divided by 62.
1
Calculate the remainder when 757502 is divided by 505.
2
What is the remainder when 1023768 is divided by 7?
4
What is the remainder when 3155 is divided by 1613?
1542
What is the remainder when 9760 is divided by 573?
19
Calculate the remainder when 39197 is divided by 2018.
855
What is the remainder when 665213 is divided by 5117?
3
Calculate the remainder when 40051 is divided by 79.
77
Calculate the remainder when 21452 is divided by 24.
20
Calculate the remainder when 43809 is divided by 337.
336
What is the remainder when 267390 is divided by 267371?
19
What is the remainder when 14547 is divided by 471?
417
Ca